47 a prime number?
True
Is 98399971 composite?
False
Is 3169166669 a composite number?
False
Is 463837933 a composite number?
True
Is 307894291 prime?
False
Is 2429447659 prime?
True
Is 36764839 composite?
False
Is 1857490721 a composite number?
False
Is 5611714963 composite?
False
Is 2270917379 composite?
False
Is 273181399 prime?
True
Is 588917687 a prime number?
True
Is 413385491 composite?
True
Is 1698644443 composite?
False
Is 5035298239 a composite number?
False
Is 827254958 a composite number?
True
Is 1362022093 a prime number?
True
Is 4669299563 composite?
False
Is 7170185111 composite?
False
Is 174965515721 composite?
False
Is 141010411 prime?
False
Is 3438325027 composite?
False
Is 17656347983 a prime number?
False
Is 1816101631 composite?
False
Is 12349518943 a prime number?
True
Is 11842560163 a composite number?
True
Is 234800323 a composite number?
True
Is 25230236023 a prime number?
False
Is 737265282761 a composite number?
True
Is 30042828461 a composite number?
True
Is 98552444101 a composite number?
True
Is 23297207233 a composite number?
True
Is 361361239 a composite number?
True
Is 87357143 composite?
True
Is 1360509407 prime?
True
Is 83324207407 a composite number?
True
Is 2124341983 a composite number?
False
Is 776511233 composite?
False
Is 25735179733 prime?
False
Is 133798616069 a composite number?
False
Is 1191058207 composite?
True
Is 36641743 composite?
False
Is 28713613339 composite?
False
Is 49811354323 composite?
False
Is 59132998099 a composite number?
True
Is 1301550695 prime?
False
Is 13563110893 prime?
False
Is 228990959 a composite number?
False
Is 19108952423 a prime number?
False
Is 104194040087 a composite number?
True
Is 6006657571 a prime number?
True
Is 411822051791 prime?
True
Is 3708109723 composite?
False
Is 419307913 composite?
False
Is 1978906147 composite?
True
Is 451093099 a prime number?
True
Is 14348681027 composite?
True
Is 1629938741 composite?
False
Is 7090809383 prime?
False
Is 187284549 a prime number?
False
Is 74204662291 a composite number?
True
Is 39961454569 composite?
True
Is 44708795 a prime number?
False
Is 115236367 composite?
False
Is 321276409 composite?
True
Is 65936498363 a prime number?
True
Is 36830707 a prime number?
False
Is 147596147 a composite number?
True
Is 203015609 composite?
False
Is 18921937361 a composite number?
False
Is 2115377869 a composite number?
True
Is 24515543681 a composite number?
False
Is 536560303 a composite number?
True
Is 21367383409 prime?
True
Is 9007954723 prime?
True
Is 1725167179 composite?
True
Is 2042650591 a prime number?
True
Is 15386472307 composite?
False
Is 177670068229 a prime number?
False
Is 17763912235 a prime number?
False
Is 1515440249 a prime number?
True
Is 65936029001 a composite number?
False
Is 2089285081 prime?
False
Is 147457099499 a composite number?
True
Is 116554958719 a prime number?
True
Is 340980613 prime?
True
Is 9320877359 a composite number?
False
Is 124309282963 a prime number?
True
Is 7759246861 a prime number?
False
Is 10933255537 composite?
True
Is 44006491 a prime number?
True
Is 389633453 prime?
False
Is 1078872433 a composite number?
False
Is 3374791853 prime?
True
Is 359125709 a prime number?
False
Is 5997389 a prime number?
False
Is 17909354873 composite?
True
Is 80390896081 composite?
True
Is 859719401 a prime number?
True
Is 11385707219 a composite number?
False
Is 44957841301 composite?
False
Is 974002973 a prime number?
True
Is 1977860315 prime?
False
Is 188598863 composite?
False
Is 2300781617 composite?
False
Is 4706326745 a prime number?
False
Is 1407906317 a composite number?
False
Is 35990491 a composite number?
False
Is 22116500567 a composite number?
True
Is 1692186079 a prime number?
False
Is 6369579553 prime?
True
Is 1306626091 prime?
False
Is 4159518887 a composite number?
False
Is 453350647 prime?
True
Is 12173582243 composite?
True
Is 15045858539 prime?
True
Is 1172769569 a composite number?
True
Is 6964552799 a prime number?
True
Is 11630603141 composite?
True
Is 21168122171 a composite number?
True
Is 6445346021 prime?
True
Is 1387060937 composite?
False
Is 319871323 prime?
False
Is 110998273 composite?
True
Is 194233847 prime?
False
Is 1764184999 composite?
False
Is 8413719533 composite?
False
Is 464935463 composite?
False
Is 129088111 a prime number?
True
Is 58677305437 a composite number?
True
Is 17385600899 a composite number?
True
Is 11803094821 a composite number?
True
Is 13138081955 a prime number?
False
Is 1716460871 prime?
True
Is 2115088666 a prime number?
False
Is 2133325349 a composite number?
False
Is 19195653413 a prime number?
True
Is 5944333162 composite?
True
Is 3174377873 prime?
True
Is 910539251 prime?
True
Is 3418805249 a prime number?
True
Is 168633593563 composite?
False
Is 1781720249 prime?
False
Is 36061851313 composite?
False
Is 6192964759 a composite number?
True
Is 1271837537 composite?
True
Is 2328368143 prime?
True
Is 646941311 composite?
False
Is 9356196371 prime?
False
Is 683474149 a prime number?
False
Is 335093543 prime?
False
Is 12769453573 composite?
False
Is 861831989 prime?
True
Is 3413544971 a prime number?
False
Is 53139907 a prime number?
True
Is 11637080797 composite?
False
Is 23293286257 composite?
False
Is 11631569 a prime number?
False
Is 16777911 prime?
False
Is 30020827791 prime?
False
Is 31938946293 a composite number?
True
Is 38950907701 composite?
False
Is 88184857 a prime number?
True
Is 3683041069 prime?
True
Is 1146263423 a composite number?
True
Is 329866969 prime?
True
Is 690970961 composite?
True
Is 144347261 prime?
True
Is 5375698357 prime?
True
Is 2719725181 prime?
False
Is 217147127 composite?
False
Is 2571969833 a composite number?
False
Is 7410907843 prime?
True
Is 366187961 composite?
False
Is 2309449 composite?
False
Is 131064547 a composite number?
True
Is 37544493859 composite?
False
Is 15748770157 a prime number?
False
Is 12767255327 composite?
False
Is 85209893 composite?
False
Is 561410923 prime?
False
Is 10690058777 a prime number?
True
Is 1298704129 a composite number?
True
Is 486955411 prime?
True
Is 2179186747 a composite number?
False
Is 13025242639 composite?
False
Is 289284649 a prime number?
False
Is 8148617 prime?
False
Is 4248179659 composite?
True
Is 475565911 a prime number?
False
Is 285046186813 prime?
True
Is 2133400589 a prime number?
False
Is 186969241 composite?
False
Is 1300969949 composite?
False
Is 3993219019 a prime number?
False
Is 42178485507 a composite number?
True
Is 3835309561 composite?
False
Is 1940373937 composite?
True
Is 34107847547 composite?
True
Is 10573878599 a composite number?
False
Is 1011992717 a composite number?
False
Is 60736613 prime?
False
Is 210295067 composite?
True
Is 214161251 composite?
True
Is 763856759 prime?
True
Is 67804890223 a composite number?
True
Is 144490640663 composite?
False
Is 22047872149 a prime number?
True
Is 232996157 a composite number?
True
Is 69081682585 composite?
True
Is 643970603 composite?
False
Is 173057061571 a prime number?
True
Is 7921539947 a prime number?
True
Is 810539273 prime?
False
Is 532472887 composite?
True
Is 4979036057 prime?
False
Is 97694159 prime?
True
Is 35479523833 composite?
True
Is 13999075411 prime?
True
Is 2413365299 a composite number?
False
Is 662856303 a prime number?
False
Is 391438381 prime?
True
Is 6732701149 composite?
False
Is 32673133697 prime?
False
Is 1518391337 composite?
False
Is 18453927419 prime?
True
Is 9272568343 a prime number?
False
Is 1571101459 composite?
True
Is 1164135463 a composite number?
True
Is 1702938253 composite?
True
Is 406772489 prime?
False
Is 63062053 prime?
False
Is 13364924359 prime?
False
Is 318588689 a composite number?
True
Is 899298743 composite?
True
Is 80566424513 composite?
False
Is 1710750191 composite?
False
Is 5916349 composite?
False
Is 17577959 composite?
True
Is 30054403 a prime number?
False
Is 201589937 a prime number?
False
Is 42311127557 prime?
True
Is 3336836989 composite?
True
Is 23576182907 composite?
False
Is 1615016699 a composite number?
True
Is 683607073 a composite number?
False
Is 5655017323 composite?
True
Is 3725387621 prime?
False
Is 30620384117 a composite number?
True
Is 258430351 composite?
True
Is 5966159 composite?
True
Is 18622404071 a composite numb